s v(z)?
3
Let r(z) = -z**3 - 5*z**2 - 4*z + 5. Let x be r(-4). Let k(g) = -g**3 + 4*g**2 + 4*g + 2. Calculate k(x).
-3
Suppose n + 1 = 2*n. Let j(v) = 3 + n - 4*v + 0*v. Suppose 0 = 2*r + 4, 0 = 2*h - 5*r - 8 - 10. Determine j(h).
-12
Let i(l) = -2*l + 8. Suppose 0 = 5*t - 5*d - 90, -2*t + 7*t + 3*d = 58. Suppose k = -k + t. Give i(k).
-6
Suppose -7 + 12 = -5*s. Let x(n) = 13*n + 3. Suppose 0*b + 8 = -4*y + 2*b, -8 = 4*y + 4*b. Let k(o) = -12*o - 2. Let m(a) = y*x(a) - 3*k(a). Give m(s).
-10
Suppose -10 = -d - 4*d. Let y(h) = 7 + h + 0 - h**3 + 0*h**d + 0*h**2. Determine y(0).
7
Let y = -8 - -8. Let z(m) = 0*m**3 - 3*m**2 + m**3 + 3 + y*m**3 - 2*m + 0*m. Let r(c) = c - 2. Let h be r(5). What is z(h)?
-3
Suppose 39*l = 34*l + 20. Let v(y) = y**3 - 5*y**2 + 3*y. Determine v(l).
-4
Let n be ((-2)/(-4))/(2/(-44)). Let m(h) = 9*h + 15. Let y(j) = 5*j + 8. Let q(w) = n*y(w) + 6*m(w). Let c be 39/(-7) + (-12)/(-21). Give q(c).
7
Let u(y) be the first derivative of -y**5/60 + 7*y**4/24 - y**3 + 7*y**2/2 - 6. Let j(s) be the second derivative of u(s). Give j(5).
4
Suppose 0 = d + 2*d + 6. Let a be d - -1 - 1 - 1. Let p(t) = t**2. Determine p(a).
9
Let t = -1 + 3. Let x(g) = -t*g - 3*g**2 + 3 - 4*g + 4*g**2. Calculate x(5).
-2
Let u(z) be the first derivative of z**6/60 - z**5/60 - 3*z**2/2 + 3. Let k(a) be the second derivative of u(a). Determine k(1).
1
Suppose -5*j + 1 = 21, 0 = 3*n - 5*j - 20. Let p(a) = a**2 + 9*a - 7. Let c be p(-10). Let v(u) = u - 4*u + u + c + u. What is v(n)?
3
Let l(q) = q**2 + 3*q - 6. Suppose 4 + 1 = -y. What is l(y)?
4
Let h(r) be the second derivative of -r**4/12 - 2*r**3/3 - r**2/2 + r. Calculate h(-6).
-13
Let c(j) = -j**3 + 5*j**2 - 3. Let h be c(5). Let r(p) = p**2 - 2*p + 1. What is r(h)?
16
Let l(k) = -k**2 - 8*k - 7. Let t(v) = -2*v + 10. Let d be t(5). Suppose d*h + 6 = -h. Determine l(h).
5
Suppose -2*j + l - 1 = -4*j, 3*l = j + 10. Let t(m) be the second derivative of -7*m**3/6 + m**2/2 + m. Calculate t(j).
8
Let f(g) = g**2 - 7*g + 1. Let w(r) = -2*r - 8. Let u be w(-7). Suppose 0 = -4*z + 18 + u. Give f(z).
-5
Suppose -5*g + 12 = -8. Let b(t) be the second derivative of t**5/20 - t**4/4 - t**3/2 - 5*t**2/2 + 2*t. Calculate b(g).
-1
Let s(j) = -j**3 + 3*j**2 - 1. Suppose -4*l + 28 = -2*z, 3*l - 8 = 7. Let o be (z/6)/((-4)/12). Calculate s(o).
3
Let g(k) = -20*k**2 - 5*k + 6. Let x(p) = 19*p**2 + 4*p - 5. Let q(l) = -4*g(l) - 5*x(l). Determine q(-1).
-14
Let s(m) = -m - 6. Suppose -2*a + 5 = 1. Suppose g + 1 = -a. Let q(h) = -h - 3. Let t be q(g). Calculate s(t).
-6
Let a be 1*2/6*3. Let l(p) = 4*p**3 + 5*p**2 - 9*p + 4. Let z(h) = h**3 + h**2 - 2*h + 1. Let d(r) = -2*l(r) + 9*z(r). Calculate d(a).
1
Let w(l) = -13*l - l**2 - 9 + 13*l + 12*l. Determine w(10).
11
Let f(z) = -7*z + 3. Suppose 3*b - 5 = 2*b. Suppose 3*q + 9 = b*s - 10, -3*q - 9 = 0. Calculate f(s).
-11
Let b(p) = -10*p + 7. Let t(q) = 5*q - 3. Let v(a) = -4*b(a) - 9*t(a). Let l(c) = 3*c - 16. Let w be l(5). Calculate v(w).
4
Let h = 4 - 6. Let k = 2 + h. Let x(w) = w**3 - 7*w**2 - w - 1. Let p(j) = -j**3 + 6*j**2 + j + 1. Let r(o) = 6*p(o) + 5*x(o). What is r(k)?
1
Let y(v) = v + 4. Let p be y(-9). Let h(w) = 0 + 5*w + 1 + 2 + w**2 - 5. Give h(p).
-2
Let h(l) = -4 + l + 5 + l**2 + 7 - 2. Let f(x) be the third derivative of x**6/120 + x**5/20 - x**4/6 + 2*x**2. Let i be f(-4). What is h(i)?
6
Let q(x) = 9 - 17*x**2 + 1 + 16*x**2 + 6*x. What is q(7)?
3
Let g(d) = -11*d - 13 + 34 - 22. Determine g(1).
-12
Let o(b) = -b + 4. Let r be o(-4). Let g(w) = -w**3 + 9*w**2 - 9*w + 4. What is g(r)?
-4
Let l(f) = f**3 + 5*f**2 + 2*f - 4. Let k(r) = r + 1. Let s be k(5). Suppose -d = -s*d - 10. Let g = d - 2. What is l(g)?
4
Let t(d) = -d**2 - 7*d - 7. Suppose -2*h - 3*l = 0, -28 = 2*h - 4*l - 0*l. What is t(h)?
-1
Let c = 36 - 33. Let r(d) = d - 5. Give r(c).
-2
Let f(g) = g**3 + 5*g**2 + 2*g - 4. Let k be f(-5). Let w = k - -8. Let p(j) = j**2 + 7*j + 5. Give p(w).
-1
Let d(a) = 2*a + 1. Let i = 33 - 22. Let r = i + -15. Let s be r/6 + 7/(-3). Determine d(s).
-5
Let k(d) = -2*d + 6. Let x(f) = f**2 - 3. Let r be x(3). What is k(r)?
-6
Let u(j) = 3*j + 8. Let l be u(-7). Let z = -19 - l. Let c(r) = 5*r**2 + 2*r + 13. Let b(w) = -4*w**2 - w - 12. Let g(p) = 6*b(p) + 5*c(p). Determine g(z).
5
Let o(a) = a**2 - 8*a + 1. Let f be o(6). Let g(m) = m**2 + 2*m + 7. Let u(v) = -2*v**2 - 4*v - 13. Let q(b) = f*g(b) - 6*u(b). What is q(-2)?
1
Let b(n) = 5*n + 6. Let j be b(-4). Let a be (-2)/7 + (-32)/j. Let i(m) = m**a - 5 + 4 - 5*m**2. What is i(-1)?
-5
Let p = -11 - -16. Let m be 3 + (p + -3 - 2). Let w(r) = -r**3 + 2*r**2 + 2*r + 3. Give w(m).
0
Let p = -4 + 8. Let v(r) = -r**2 + p*r + 2*r**2 + r + 6. Determine v(-5).
6
Let i(r) be the second derivative of 0 + 1/20*r**5 - 5/12*r**4 - 7/2*r**2 + 0*r**3 - 2*r. What is i(5)?
-7
Let w(r) = -r. Let o(k) = -k**2 - 3*k + 25. Let a be o(-7). What is w(a)?
3
Let v(i) = i**3 + 4*i**2 - 2*i - 2. Let h be (6/(-3) - 18)/(-1). Suppose h = -3*g + g - 3*a, -12 = 2*g + a. Give v(g).
6
Let w(r) be the third derivative of 1/3*r**3 - 1/120*r**6 - 1/12*r**4 + 0 + 0*r + 1/15*r**5 + 5*r**2. Suppose 2*f = 4*f - 3*j, -5*f - 2*j = -19. Give w(f).
5
Let b(g) = -3*g - g + 2*g + 1 + g**2 + 4*g**3. Let l(s) = -s - 2. Let w be l(-3). What is b(w)?
4
Let o(v) = -3*v + 5. Let b be o(3). Let p(d) = -d**2 - 2*d + 2. What is p(b)?
-6
Let w(c) be the first derivative of -c**3/3 + 3*c**2/2 + 3*c - 52. Calculate w(3).
3
Let m(k) = -k + 12. Let g be 1/(1/(-2) + 1). Suppose -2*c + 2 = -2, -g*l - 3*c = -6. Give m(l).
12
Let g = 6 + -10. Let l(d) be the first derivative of -d**6/360 - d**5/20 - d**4/6 + 8*d**3/3 - 5. Let c(b) be the third derivative of l(b). Determine c(g).
4
Let o(q) = q**3 - q**2 - q - 1. Let u = 10 - 6. Let j(c) = -c**2 + 6*c - 4. Let s be j(u). Suppose -3*w = 3, -2*w + 0*w = -s*t - 2. What is o(t)?
-2
Let i(d) = -d - 5. Let j(u) = u - 5. Let v be j(0). Determine i(v).
0
Let t(i) = -4*i**3 - 8*i**2 - 7*i - 2. Suppose x + 7 = 2*x. Let c(w) = -3*w**3 - 5*w**2 - 5*w - 1. Let k(u) = x*c(u) - 5*t(u). Give k(5).
3
Let r = 101 + -101. Let s(o) = o**2 - o - 16. Calculate s(r).
-16
Suppose 5*x + f = 12 - 2, f = -x + 6. Let y(g) be the second derivative of -2*g**3/3 + g**2/2 - g. What is y(x)?
-3
Let w = -2 + 4. Let p(q) = -4*q + q + 0*q + q**w - 2*q. Determine p(5).
0
Let u = 16 - 16. Let r(o) = -o**3 + o + 13. Give r(u).
13
Suppose 5*s - 3 = -18. Let h(z) = z**2 + 3*z - 4. Determine h(s).
-4
Let f(a) = a. Let w = 0 + 1. Let r(m) = -7*m**2 + 6*m + 1. Let u(o) = w*r(o) - 6*f(o). Let y(l) = 6*l - 25. Let h be y(4). What is u(h)?
-6
Let y = -6 + 8. Let d(r) = 0*r**y + r**2 + 0 + 0 - r. Calculate d(2).
2
Let i be 96/15 - 2/5. Let j(g) = -g**3 - g + 1. Let o(x) = 3*x**3 - 7*x**2 + 7*x + 4. Let u(y) = -2*j(y) - o(y). Calculate u(i).
0
Let f be (-4)/((-4)/(-10)*(-6 + 1)). Let u(n) be the first derivative of -n - 2 + 2/3*n**3 + n**f. Determine u(-2).
3
Suppose -2*v + 15 - 7 = 0. Let m = v + -3. Let p(l) = -14*l - 3. Let s(d) = -21*d - 4. Let u(q) = 7*p(q) - 5*s(q). What is u(m)?
6
Let j = 4 - 1. Let g(x) = x + 4. Let r be g(j). Let a = 10 - r. Let z(t) = t**3 - 4*t**2 + 3*t + 2. What is z(a)?
2
Let p be (3/8)/(-3 - (-51)/2). Let l(i) be the third derivative of -1/12*i**4 - i**2 + p*i**5 + 0 + 0*i - 1/6*i**3. Calculate l(4).
7
Let f be (2/2)/(1/(-16)). Let b = f + 13. Let s(o) = -o**2 + 6 + 4 - 6. Determine s(b).
-5
Let j(x) = -5*x - 6. Let z(a) = 7*a - 1. Let q(i) = -i + 1. Let m(c) = 4*q(c) + z(c). Let s(k) = -4*j(k) - 7*m(k). Let d be (3*7)/3 - 2. What is s(d)?
-2
Let z(k) = -3*k**2 + 0*k**2 + 4*k + 1 + 2*k**2. Let b = 62 - 58. Determine z(b).
1
Let q(g) = g**2 + g + 3. Let c be q(0). Let i(b) = -7*b + 7. Let j(s) = 36*s - 36. Let k(w) = -21*i(w) - 4*j(w). Determine k(c).
6
Let v(q) = 45*q**2 - 46*q**2 + q - q - 5 + 7*q. Determine v(5).
5
Suppose -3*x + x - 3*l = -5, 1 = -l. Let m(o) = -4 - o**2 + 2*o**2 - x*o - o + 2*o. Calculate m(5).
6
Let t(r) = -r**2 + 5*r - 2. Let d be t(3). Let w(z) = 6*z + 3. Let s(u) = -17*u - 9. Let p(c) = 4*s(c) + 11*w(c). Calculate p(d).
-11
Let b(f) = -f + 3. Let v(o) = -3*o**2 + o + 1. Let y be v(2). Let i = y - -7. Let t(d) = d**2 - 1. Let j be t(i). Give b(j).
0
Suppose -z - 5*c + 24 = 0, -2*z - 12 = -z - 4*c. Let j(